2)/(27/18). Suppose j*t - 12*t + 1410 = 0. Is t a prime number?
False
Let y = -468 + 787. Suppose -y + 2023 = 8*h. Is h a prime number?
False
Let x(p) = 7*p**2 + 3 - 4*p + 0*p**3 + p**3 - 10*p**2. Is x(6) a composite number?
True
Suppose 565*p - 573*p + 125032 = 0. Is p a prime number?
True
Let k(c) = -574*c - 411. Is k(-28) prime?
True
Let k(h) = -5*h**3 + 3*h - 1. Is k(-7) composite?
False
Let b = -67437 - -142448. Is b a composite number?
False
Suppose -24194 + 2656 = -22*r. Is r prime?
False
Let t be 1/(-5) + 11/55. Suppose 5355 = 5*i + 5*q, 0 = 2*i - t*i - q - 2130. Is i prime?
False
Is (4/(-10))/1 - (-54667400)/1000 a composite number?
False
Suppose 0 = -5*z - 3 + 23. Suppose 2*p - 158 = z*k, 340 = 5*p + 5*k - 4*k. Is p a composite number?
True
Let w(n) = 30*n**2 - 5*n + 4. Let j(t) = -61*t**2 + 11*t - 9. Let r(f) = 6*j(f) + 13*w(f). Is r(-3) prime?
True
Let j(h) = h**2 - 2*h - 6. Let d be j(0). Let b be ((-8)/(-3))/(d/(-45)). Is 12/b + (-32)/(-5) composite?
False
Let a = 86 + 121. Let l = 411 - 271. Let z = a - l. Is z a composite number?
False
Is 3663 + -6 + 5 + 3 a prime number?
False
Let l = -689 + 14590. Is l a prime number?
True
Suppose -2*d = 1 + 13. Let p = d - -117. Suppose -p = -5*i + 4*t, 3*t + 82 = 5*i - 28. Is i a prime number?
False
Suppose 5*o - 8920 = 24745. Is o a prime number?
True
Let g(t) = -t**2 + 3*t + 2. Let a be g(3). Let l be a + 1 + (-4)/2. Is (6/3 + 51)/l a composite number?
False
Let d(v) = -v**3 - 4*v**2 - 3*v - 3. Let l(o) = 2*o**2 + 11*o - 6. Let y be l(-6). Suppose 2*j = -y*j - 10. Is d(j) composite?
False
Let w = -1222 + 1809. Suppose -p + w = 3*n - n, 5*n = 0. Is p a composite number?
False
Let k be 4/6 - 12/(-9). Suppose 5*m - 3149 = -2*a, 0*m + k*m + 5*a = 1247. Is m composite?
False
Let o(r) = r**3 + 6*r**2 + 5*r - 2. Let a be o(-5). Let i be ((a - 0) + -4)*1. Is (-18)/8*16/i a prime number?
False
Let z be 1 + (-5)/4 - 85085/(-52). Let w = z + -515. Is w a composite number?
True
Is 1*6*(0 - (-2846)/6) prime?
False
Suppose -5*o - k + 24530 + 15432 = 0, 0 = -5*o + 5*k + 39980. Is o prime?
True
Let g(f) = -96*f**2. Let q be g(2). Suppose 1 = x, 252 = -b - 5*x + 4*x. Let d = b - q. Is d a composite number?
False
Let q be 8/(-8)*(-2 + 2)/2. Suppose -2*x - x + 4*v + 1639 = q, 4*v - 525 = -x. Is x composite?
False
Suppose -1 = t, 0 = r + 4*t + 246 + 56. Let i = r - -599. Let w = i - 162. Is w prime?
True
Let d(v) = 85*v - 172. Is d(29) prime?
True
Suppose 3*n - 19407 = -3*k, -7362 = -3*n - 2*k + 12045. Is n composite?
False
Let l = 13 + 2. Let m = l - 13. Suppose -r + 74 = m*r - v, 3*r = -5*v + 44. Is r prime?
True
Let m(p) = 64681*p**2 + 3*p - 5. Is m(1) a composite number?
False
Let t(r) = -r**2 - 2*r + 4. Let j be (-3)/(6 + -3 - 2). Let h be t(j). Is 1/1*119*h a composite number?
True
Is (-361904)/104*26/(-4) composite?
False
Let c(n) = -4*n**3 - 16*n**2 - 71*n - 15. Is c(-14) a prime number?
True
Let v(a) be the first derivative of 40*a**3/3 - 11*a**2/2 + 6*a - 12. Is v(5) a prime number?
False
Let k = -10 - -7. Let g(m) = -2 + 11*m**2 + 6*m - 11*m + m + 6*m. Is g(k) a prime number?
False
Let r be 6/(((-9)/(-2))/3). Suppose 5*o = -5*n + r*o + 2047, -3*o + 6 = 0. Is n prime?
True
Let b(y) = 255*y + 88. Is b(3) prime?
True
Let s(g) be the first derivative of 517*g**2/2 + 32*g + 22. Is s(5) a prime number?
True
Suppose 63*i = 3801796 - 642598. Is i a prime number?
False
Let k(m) be the first derivative of 149*m**2 + 9*m + 2. Let n(l) = -99*l - 3. Let v(o) = -4*k(o) - 11*n(o). Is v(-2) a composite number?
True
Let q(t) = -t - 15. Let i be q(-18). Suppose -4*p = -5*n + 1281, -i*n + 851 = -4*p + 84. Is n a prime number?
True
Let v = 270 + 1549. Is v a prime number?
False
Let c = 46 + -35. Let s(x) = 95*x + 22. Is s(c) composite?
True
Suppose -3*w = -q + 14, 6*q + 4*w - 48 = 4*q. Let v be q/(-30) - (-20)/(-6). Is 41 + v/((-8)/(-6)) prime?
False
Let q = 16 - 12. Suppose -2*x + y = -1783, -x + 867 = q*y - 2. Is x a composite number?
True
Let d(x) = 2*x - 6. Let y be d(5). Suppose y*n - 48 = -20. Suppose -n*t + 2*t + 6685 = 0. Is t prime?
False
Let r(w) be the second derivative of 10*w**4/3 + w**3/6 - w**2/2 + 14*w. Is r(-1) a composite number?
True
Let z = 6 + -6. Suppose z*c = 3*c - 15. Suppose -2*f = -2*p - 1586, -2*f + c*p + 2373 = 781. Is f composite?
True
Suppose -7*t + 1 = -6*t. Is (-4 + (64 - 1))*t a prime number?
True
Suppose 3*h + 49 = 10*h. Suppose -4*k = 2*n - 818, -h*k + 833 = -3*k + 5*n. Is k prime?
False
Suppose -8*h = 5*p - 145303, -3*h - 13003 = 5*p - 158301. Is p prime?
True
Suppose 3*o - 20 = -5*h, 4*o = -h + 9 + 12. Suppose -5*g - o*r = 411 - 1716, g - 251 = 4*r. Is g a composite number?
True
Let l(d) = 2*d + 5. Let q be l(-2). Is 111*q/(-5 + 6) a composite number?
True
Suppose 0 = -5*s - 6 + 16. Let z be (-5897)/(-9) + s/(-9). Suppose 4*p = 9*p - z. Is p prime?
True
Is (-89400 - 9)*(-3)/9 prime?
True
Is 5*((-28698)/(-5))/6 prime?
True
Let a(i) = 55*i**2 - 3*i + 7. Is a(3) composite?
True
Let k = -1044 + 1895. Is k prime?
False
Let o be 4720/25 + (-12)/15. Suppose 5*n - f = o, -6*n - 4*f = -3*n - 99. Is n composite?
False
Let u(m) = -3*m + 18. Let p be u(3). Let l(s) = 7*s**2 - 18*s - 26. Is l(p) a composite number?
False
Let z be (8/2 - -2)*(-2)/(-4). Suppose 0 = -4*h + z*h + 2*w + 2871, 5*w + 25 = 0. Is h prime?
True
Let k = 4811 + 2382. Is k a prime number?
True
Suppose -6*j + 4 = -2*j. Let l be -4*j*(-27)/36. Suppose -l*z = 4*a - 7370, -1833 = 3*a - 4*a + 4*z. Is a a composite number?
True
Let k(b) = 163*b**2 + 19*b + 269. Is k(-12) a prime number?
False
Let a(i) = 117*i**3 - 3*i**2 + 10*i + 1. Is a(3) prime?
True
Suppose u - 1154 - 2489 = 2*b, 0 = 3*u - b - 10929. Is u prime?
True
Let i(b) = -3*b - 9. Let f be i(-3). Let g be 2 - f*(-4)/12. Suppose -5*z = -3*x - 1667, -5*z + g*x + 1663 = -0*z. Is z prime?
True
Let t(d) = 768*d + 9. Let w be t(3). Let x = w + 4592. Is x a prime number?
False
Let i(r) = r**3 - 2*r**2 - 4*r + 10306. Is i(0) a composite number?
True
Let u be 5 + -6 - (-5 - 0). Suppose u*n + 12 = 16. Is (-1)/(n - 80/78) a composite number?
True
Let b(q) = -q**2 + 11*q + 13. Let a be ((-4)/3)/(10/(-75)). Let t be b(a). Let m = t + 126. Is m composite?
False
Let u = 14 - 44. Is (-342318)/u - 6 - 4/(-10) a prime number?
False
Let u = 437 + -135. Let w = 337 + u. Suppose o - 556 = -3*d, -5*d - 3*o = -w - 289. Is d a prime number?
False
Suppose 0 = 2*q + 6, 2443 = 2*n - 2*q - 809. Is n a composite number?
True
Suppose -160332 = -161*n + 149*n. Is n a composite number?
True
Let z(h) = h**2 - 7*h + 7. Suppose -6 = 2*y - 14. Suppose 4*w - 5 = -2*m - 21, 0 = y*m + w + 32. Is z(m) a prime number?
True
Suppose -7*h - 5*b = -6*h - 2931, 5*h - 14609 = -2*b. Is h a prime number?
False
Let d = 20 - 15. Suppose 0 = -d*h + 434 + 561. Is h a composite number?
False
Suppose -5*m = 2*w - 16808, 11*w - 5*m - 8389 = 10*w. Is w a composite number?
True
Let p(r) = r**3 + 7*r**2 + 6*r + 6. Let j be p(-6). Suppose j*u - 1494 = 462. Is u prime?
False
Suppose 0 = -77*c - 49*c + 1316826. Is c prime?
False
Let l be (3 + (-242)/(-6)*3)*1. Let x(p) = -p + 4. Let h be x(-7). Suppose h*u - 9*u = l. Is u a prime number?
False
Let i(r) = 954*r**3 - 3*r**2 + 4*r. Let o(p) = -p**3. Let l be o(-1). Is i(l) a composite number?
True
Let v(u) = -2*u**2 + 6*u - 5. Let j be v(4). Let c = j - -9. Is (2/c)/((-9)/4842) a composite number?
False
Let n(o) = 205*o**2 + 101*o - 27. Is n(-7) a prime number?
True
Is ((-69347)/62)/((-1)/2) prime?
True
Let n = 46 - 31. Suppose j + n = 3*f, -5*f + 2*j = j - 23. Suppose f*y = 350 + 294. Is y prime?
False
Let b be (-1)/(8/(-262))*16. Suppose -2*w = -5*w, 4*l - 3*w = b. Is l a composite number?
False
Let i(z) = -82*z + 3. Suppose 3*a - q = 22, -a - 3*a - 2*q = -16. Let n be i(a). Let f = -196 - n. Is f composite?
False
Suppose -20*d + 79600 = -115460. Is d composite?
True
Let k = -6 + 10. Suppose 0 = 3*b + b + 2*n - 9824, -3*n - 9824 = -k*b. Let q = 5317 - b. Is q a prime number?
True
Suppose -339 = -m + 26. Suppose -n - 3*w + m - 121 = 0, -1009 = -4*n - w. Is n composite?
True
Let f(b) = -5*b**3 + 10*b**2 + 18*b + 29. Is f(-6) a composite number?
False
Suppose -n + 48 = 5*w, -3*w + 3*n = 5*n - 26. Suppose -3*p - w = -8*p. Is (60/24)/(p/44) a composite number?
True
Suppose -5*r + 